undreds digit of 58545748?
7
What is the hundred thousands digit of 28118341?
1
What is the millions digit of 5215126448?
5
What is the thousands digit of 6633340631?
0
What is the hundreds digit of 2204540049?
0
What is the hundred millions digit of 389094308?
3
What is the hundred thousands digit of 165291855?
2
What is the ten millions digit of 51083953?
5
What is the ten millions digit of 14473201?
1
What is the ten thousands digit of 57252217?
5
What is the units digit of 96684810?
0
What is the ten thousands digit of 665095350?
9
What is the thousands digit of 761195415?
5
What is the billions digit of 1452982559?
1
What is the millions digit of 27100397?
7
What is the units digit of 583950019?
9
What is the tens digit of 23344865?
6
What is the ten thousands digit of 81611602?
1
What is the ten thousands digit of 1722449?
2
What is the thousands digit of 13284307?
4
What is the hundred millions digit of 358301469?
3
What is the hundred thousands digit of 6941031366?
0
What is the hundreds digit of 57450779?
7
What is the hundred millions digit of 2394828760?
3
What is the ten thousands digit of 1554720199?
2
What is the hundred thousands digit of 39648849?
6
What is the hundred thousands digit of 168545596?
5
What is the ten thousands digit of 440351748?
5
What is the units digit of 137861271?
1
What is the hundreds digit of 997371860?
8
What is the hundred thousands digit of 2643618325?
6
What is the units digit of 17586395?
5
What is the hundred thousands digit of 3662006534?
0
What is the ten thousands digit of 515730065?
3
What is the tens digit of 116247483?
8
What is the hundreds digit of 192385172?
1
What is the hundreds digit of 41751877?
8
What is the tens digit of 46047363?
6
What is the ten millions digit of 7521046861?
2
What is the millions digit of 336482894?
6
What is the billions digit of 1967198526?
1
What is the hundred millions digit of 387472309?
3
What is the ten thousands digit of 283550308?
5
What is the ten millions digit of 5344265318?
4
What is the ten thousands digit of 1670978527?
7
What is the thousands digit of 2007203281?
3
What is the ten millions digit of 2456266938?
5
What is the ten thousands digit of 7836548?
3
What is the units digit of 27281614?
4
What is the units digit of 316038003?
3
What is the ten thousands digit of 41174030?
7
What is the tens digit of 46605846?
4
What is the ten millions digit of 1791042088?
9
What is the thousands digit of 67767036?
7
What is the tens digit of 83581128?
2
What is the units digit of 51763247?
7
What is the hundreds digit of 4830335097?
0
What is the hundred millions digit of 4666089373?
6
What is the tens digit of 4485273343?
4
What is the billions digit of 4022893667?
4
What is the hundred millions digit of 843427478?
8
What is the hundred thousands digit of 46478221?
4
What is the hundred millions digit of 1164685626?
1
What is the hundred millions digit of 673344901?
6
What is the hundreds digit of 17371285?
2
What is the ten millions digit of 1253941754?
5
What is the units digit of 160444596?
6
What is the hundreds digit of 233866950?
9
What is the thousands digit of 202122855?
2
What is the hundred millions digit of 643338804?
6
What is the hundreds digit of 828904636?
6
What is the hundreds digit of 128525283?
2
What is the hundred thousands digit of 65270882?
2
What is the tens digit of 16085518?
1
What is the hundreds digit of 39059708?
7
What is the millions digit of 1787480703?
7
What is the hundred millions digit of 141263785?
1
What is the hundreds digit of 112873146?
1
What is the thousands digit of 70702895?
2
What is the tens digit of 1897477420?
2
What is the ten thousands digit of 790251?
9
What is the units digit of 27048576?
6
What is the millions digit of 2318609188?
8
What is the millions digit of 3506803?
3
What is the hundreds digit of 3598931773?
7
What is the units digit of 951697489?
9
What is the ten thousands digit of 44137565?
3
What is the hundred thousands digit of 289463627?
4
What is the tens digit of 91468446?
4
What is the tens digit of 140416124?
2
What is the millions digit of 102162804?
2
What is the thousands digit of 610640897?
0
What is the tens digit of 230915869?
6
What is the tens digit of 648678176?
7
What is the hundred thousands digit of 3054789107?
7
What is the hundreds digit of 74956065?
0
What is the units digit of 438034568?
8
What is the hundreds digit of 94741564?
5
What is the thousands digit of 40083112?
3
What is the hundreds digit of 78211858?
8
What is the thousands digit of 7060876209?
6
What is the ten millions digit of 1095342448?
9
What is the hundreds digit of 30878424?
4
What is the millions digit of 141782565?
1
What is the units digit of 693699174?
4
What is the units digit of 2280318035?
5
What is the units digit of 47914662?
2
What is the hundred millions digit of 551340533?
5
What is the hundred millions digit of 108262061?
1
What is the hundred thousands digit of 2699132225?
1
What is the thousands digit of 122219330?
9
What is the ten thousands digit of 5106217371?
1
What is the tens digit of 23388174?
7
What is the hundred millions digit of 178908615?
1
What is the millions digit of 1050668730?
0
What is the millions digit of 46200113?
6
What is the hundreds digit of 802387253?
2
What is the billions digit of 1337825809?
1
What is the ten millions digit of 4332658236?
3
What is the billions digit of 2479868988?
2
What is the hundred millions digit of 1063192885?
0
What is the thousands digit of 45568221?
8
What is the tens digit of 6850142?
4
What is the millions digit of 71054940?
1
What is the thousands digit of 458747828?
7
What is the thousands digit of 389593768?
3
What is the hundred thousands digit of 47208329?
2
What is the hundred millions digit of 322007828?
3
What is the units digit of 11889514?
4
What is the tens digit of 5862224468?
6
What is the units digit of 31601207?
7
What is the thousands digit of 1157258071?
8
What is the hundreds digit of 478284108?
1
What is the thousands digit of 63052716?
2
What is the hundred thousands digit of 187197155?
1
What is the hundreds digit of 41926012?
0
What is the hundred thousands digit of 63623190?
6
What is the units digit of 617791495?
5
What is the hundred thousands digit of 1871673586?
6
What is the thousands digit of 856373467?
3
What is the ten thousands digit of 72466725?
6
What is the ten thousands digit of 333488574?
8
What is the ten millions digit of 124008082?
2
What is the tens digit of 450137904?
0
What is the tens digit of 1665669938?
3
What is the units digit of 93634434?
4
What is the hundreds digit of 67212176?
1
What is the thousands digit of 252050240?
0
What is the hundred thousands digit of 25570496?
5
What is the thousands digit of 1231784701?
4
What is the hundred millions digit of 219918698?
2
What is the hundreds digit of 24024861?
8
What is the millions digit of 1594294345?
4
What is the tens digit of 28646061?
6
What is the ten thousands digit of 8802032?
0
What is the ten thousands digit of 18608035?
0
What is the millions digit of 42049602?
2
What is the thousands digit of 98651228?
1
What is the millions digit of 154773625?
4
What is the units digit of 130513232?
2
What is the millions digit of 31973711?
1
What is the ten thousands digit of 138123088?
2
What is the tens digit of 3178263004?
0
What is the billions digit of 3880923199?
3
What is the hundred thousands digit of 301067430?
0
What is the hundred millions digit of 372020407?
3
What is the hundreds digit of 87114971?
9
What is the hundred thousands digit of 592292253?
2
What is the hundreds digit of 471158880?
8
What is the ten thousands digit of 16309378?
0
What is the millions digit of 6979782537?
9
What is the hundreds digit of 281536198?
1
What is the ten thousands digit of 32085405?
8
What is the hundred thousands digit of 3310738529?
7
What is the units digit of 13087510?
0
What is the units digit of 6510536914?
4
What is the hundreds digit of 92342282?
2
What is the millions digit of 16589555?
6
What is the ten thousands digit of 808306143?
0
What is the ten millions digit of 73406552?
7
What is the units digit of 120270389?
9
What is the ten thousands digit of 246390477?
9
What is the hundred thousands digit of 1827824750?
8
Wha